q?
17
Let w(l) = 2*l**2 - 34*l + 116. Suppose 3*q + q - 16 = 0. What is the remainder when w(4) is divided by q?
0
Suppose -3*z + 0*f = -4*f - 4, z = 5*f - 6. What is the remainder when 21 is divided by z?
1
Suppose -f = 1649 + 279. What is the remainder when 79 is divided by f/(-72) + 2/18*2?
25
Let q = -444 + 519. What is the remainder when q is divided by 31?
13
Let r(z) = -2*z**2 + 3*z + 35. What is the remainder when r(0) is divided by 13?
9
Suppose -2*b + 17 = 137. Let u = -10 - b. Calculate the remainder when 146 is divided by u.
46
Let p(j) = 36*j - 8. Suppose 16*s = 9*s + 245. What is the remainder when p(6) is divided by s?
33
Let h(r) = -r**2 + 9*r - 12. Let q be h(6). Calculate the remainder when 121 is divided by q + -1 - (-23 + -4).
25
Suppose -5*s = -7*s + 72. Let c = 216 + -109. Calculate the remainder when c is divided by s.
35
Suppose -5*w + 27 = -2*w. Suppose w = u + 8. What is the remainder when u is divided by 1?
0
Suppose 6*c + 4*j - 72 = 0, -16*c = -17*c + 3*j + 1. What is the remainder when (38 - 0) + 0 + 1 is divided by c?
9
Let r = -23 + 82. Calculate the remainder when r is divided by 10.
9
Let i = -1950 - -1969. Calculate the remainder when 947 is divided by i.
16
Let b = -35 + 39. Suppose -v - 16 = 3*p - 7, 0 = b*v - 3*p - 39. Calculate the remainder when v is divided by 6.
0
Let n(q) = 130*q**3 - q**2 - q. Let m be n(-1). Let x = m - -259. What is the remainder when x is divided by 22?
19
Suppose 6*j - 100 = 146. What is the remainder when 91 is divided by j?
9
Suppose s + 70 = v, -217 = v - 4*v - 4*s. What is the remainder when v is divided by 25?
21
Let j be -5 + 2 - (-3 + 0). Suppose -2*g = 3*k - 114, -g = -j*g - 2*k - 50. Let v = g + -37. What is the remainder when v is divided by 10?
7
Suppose 707 = 5*d + 4*z, -2*z = 5*d - 80 - 631. What is the remainder when d is divided by 53?
37
Suppose 123 = -8*j + 395. What is the remainder when (-69 + 2)*(-4 + 2) is divided by j?
32
Suppose -5*d = d + 774. Let i = -71 - d. Calculate the remainder when i is divided by 27.
4
Let v(p) = p**3 + p**2 + 2*p - 4. Calculate the remainder when v(3) is divided by (-368)/(-26) + (-26)/169.
10
Let f = 897 + -776. Calculate the remainder when f is divided by 19.
7
Let l(p) = 2*p + 14. Let t be l(-6). Suppose -4*z = t*h - 146, -107 = z - 4*z - 2*h. What is the remainder when z is divided by 14?
11
Let w(f) = 3*f + 5. Let m(a) = a**3 - 10*a**2 - 7*a + 6. What is the remainder when m(11) is divided by w(4)?
16
Calculate the remainder when 70 is divided by (-1 + -12)*(12 - 15).
31
Suppose d + 0*d + 5 = -3*i, 0 = 4*i + 12. Suppose -v + d = 2. Suppose v*t = 3*t - 9. What is the remainder when 26 is divided by t?
8
Suppose u = 2*u - 15. Let o(j) = j**3 + 8*j**2 - 8*j + 11. Let i be o(-9). Suppose 3*a - 140 = -i*a. What is the remainder when a is divided by u?
13
What is the remainder when 146 is divided by -4*4/32*-42?
20
Let a = 46 + -9. Suppose i - 2*i + 2 = 0. What is the remainder when a is divided by (5 - -4) + -1 + i?
7
Suppose 2*i - 20 = 40. Let l = 33 - i. Suppose 2*u = l*u - 33. Calculate the remainder when u is divided by 12.
9
Suppose 0 = 4*d - w - 176, 0*d = 5*d + 4*w - 199. What is the remainder when 87 is divided by d?
1
Suppose -10*m - 8 = -6*m. Let b be (-1)/m*(-6 - -2). Calculate the remainder when 32 is divided by (-378)/(-35) + b/(-10).
10
Suppose 0 = -5*y - 3*h - 315, -3*h - 15 = -6*h. What is the remainder when 44 is divided by 103/6 + 11/y?
10
Suppose -9*a - 8 = -5*a. What is the remainder when (-3)/a*2 + 73 is divided by (-4)/(-34) - (5280/(-51))/4?
24
Let l(u) be the first derivative of u**3/3 - u**2 - 7*u - 19. Calculate the remainder when 21 is divided by l(5).
5
Let k = -93 - -222. Suppose 2*h + k = 5*h. What is the remainder when h is divided by 2 - 9/(1 + -2)?
10
Let x = 509 - 501. Calculate the remainder when 11 is divided by x.
3
Suppose a + 0*a - 3*x = 78, -5*a - 5*x + 290 = 0. Let n be 1 + (2*14 - 2). Let l = n + -11. What is the remainder when a is divided by l?
15
Let y = 74 - 70. Suppose 56 = y*f + 20. Calculate the remainder when 25 is divided by f.
7
What is the remainder when 203 is divided by (-111 - 4)*9/(-45)?
19
Suppose 362 = -4*k + q + 5402, -3*k + 3763 = -5*q. What is the remainder when k is divided by 79?
76
Suppose 69 = 3*a - 0*a. Let g(y) = y**3 + 6*y**2 + 9*y + 6. What is the remainder when a is divided by g(-3)?
5
Suppose 2*f + 187 = n - 0*f, -688 = -4*n - 4*f. What is the remainder when n is divided by 14?
9
Suppose -2*s + 120 = 4*i + s, -3*i = 2*s - 90. Calculate the remainder when 299 is divided by i.
29
Suppose -34 = x - 45. What is the remainder when 372 is divided by x?
9
Let x(w) = 9*w**2 + 12*w - 28. Calculate the remainder when x(2) is divided by 11.
10
Let z(i) = 0 - 2 + 7*i - 2*i + i**2. What is the remainder when (-1 + 3 + -65)/(-1) is divided by z(3)?
19
Suppose 2*o + 532 = 544. Suppose 4*n + 13 = 3*q - 76, -3*n = -3*q + 93. What is the remainder when q is divided by o?
5
What is the remainder when 39 is divided by -4 - -1 - (6 - (36 + 1))?
11
Suppose r = -r + 126. Suppose 2*t = -s + 1 - 9, -5*s + 15 = -t. Suppose -s*y = -o - 20 - 41, -2*o - 154 = -5*y. Calculate the remainder when r is divided by y.
31
Suppose 12*b + 16 = 14*b. Suppose 0 = -3*z - 5*j - 3 + 27, z - b = j. Calculate the remainder when 22 is divided by z.
6
Suppose -4*w + 287 = 3*w. Let s(q) = -q**2 - 6*q + 6. Let z be s(-6). Suppose 90 = 4*b + z. What is the remainder when w is divided by b?
20
Let g(q) = -q**3 + 3*q**2 + 3*q + 23. Calculate the remainder when g(0) is divided by (4/(12/15))/1.
3
Let k be -2 + (-153 - 2) + -1. Calculate the remainder when 46 is divided by (3/(-15))/(-1) - k/10.
14
Suppose -2*t + 48 = -t. Let v = t - 28. Suppose -i = -5*n - 10, -2*i - 3*n = -0*n - v. What is the remainder when 47 is divided by i?
7
Suppose -3*t - 43*y = -44*y - 32, 5*t = -5*y + 60. What is the remainder when 38 is divided by t?
5
Suppose -15*n + 12 = -18. Let d be 5/(-3)*(-13 - -1). Suppose -n*t + t + d = 0. Calculate the remainder when 99 is divided by t.
19
Let l = -29 + 53. Let o be (-10)/(-4) - 6/12. Let z = o + 11. Calculate the remainder when l is divided by z.
11
Let q = 53 + -46. Calculate the remainder when 25 is divided by q.
4
Let l = -730 + 759. Calculate the remainder when 351 is divided by l.
3
Let w(x) = -9*x**2 + 4*x + 9. Let g(m) = 14*m**2 - 6*m - 13. Let r(d) = -5*g(d) - 8*w(d). Let l = 36 + -19. Calculate the remainder when r(5) is divided by l.
16
Suppose -6 = 2*n, 5*c - 5*n + 13 = 6*c. Suppose -x + c = -4*y, -4*x + 3*y = 8*y - 175. What is the remainder when x is divided by 6?
4
Let a be (21/(-9))/((-1)/3). Let t = 5 - a. Calculate the remainder when 177/7 + t/7 is divided by 9.
7
Suppose -3*d + 49 = 4*n, -d - 2*n + 29 = 10. Calculate the remainder when 162 is divided by d.
8
Suppose -q + y = 8, 3*q = 4*y + y - 26. Let c(i) = -3*i - 9. Calculate the remainder when 21 is divided by c(q).
9
Let y(b) = -b**2 - 15*b + 15. Let t be y(-16). What is the remainder when 10 is divided by (-4 - (-13 - t)) + -2?
4
Let c = -204 + 105. Let f = -92 - c. What is the remainder when 53 is divided by f?
4
Suppose 17*h - 1102 = 445. Calculate the remainder when h is divided by 23.
22
Let y(i) = i**2 + 11*i + 13. Suppose 3*d = 4*c - 61, 8*c - 3*c - 3*d = 77. What is the remainder when c is divided by y(-10)?
1
Let z = 264 - 260. Let j = 11 + 1. Calculate the remainder when j is divided by z.
0
Let z(g) = g**3 - g**2 + g + 2. Let b be z(2). Suppose -7 - b = -5*u. Suppose 0 = -a - u, -4*a - 8 = -5*n - 3*a. Calculate the remainder when 1 is divided by n.
0
Let z(p) = 11*p**2 - 9*p + 21. Let k be z(6). Suppose k = 18*w - 7*w. What is the remainder when w is divided by 9?
6
Suppose 4*k + 2*k = 18. Suppose -12 = -3*u + k. Calculate the remainder when 30 is divided by (-15)/u - (-19)/1.
14
Suppose 0 = 25*m - 6*m - 1197. Calculate the remainder when 155 is divided by m.
29
Let u = -466 + 614. What is the remainder when u is divided by 61?
26
Let p = 164 - 159. Suppose 26*a - p*a - 1302 = 0. Let k(c) = 21*c**2. Calculate the remainder when a is divided by k(-1).
20
What is the remainder when 317 is divided by -6 + ((-2)/6*3 - -308)?
16
Let n = 138 + -138. What is the remainder when ((-138)/4)/(1/(-2)) is divided by 10